{"id":2155,"date":"2023-01-12T09:35:05","date_gmt":"2023-01-12T08:35:05","guid":{"rendered":"https:\/\/biotopsarl-tunisie.com\/?post_type=product&#038;p=2155"},"modified":"2023-01-17T12:58:25","modified_gmt":"2023-01-17T11:58:25","slug":"lecteur-de-barrette-elisa","status":"publish","type":"product","link":"https:\/\/www.biotop-tunisie.com\/?product=lecteur-de-barrette-elisa","title":{"rendered":"Lecteur de barrette ELISA"},"content":{"rendered":"","protected":false},"excerpt":{"rendered":"<p>C&rsquo;est un photom\u00e8tre ELISA monocanal capable de lire des barrettes de 8\/12 puits ou une partie de ces puits.<\/p>\n<p>Il est dot\u00e9 de 7 filtres interf\u00e9rentiels qui permettent des lectures mono ou bichromatiques.<\/p>\n<p>Il offre une haute pr\u00e9cision et une simplicit\u00e9 d&rsquo;utilisation, avec son logiciel int\u00e9gr\u00e9, il est capable de stocker des protocoles de calcul de dosage d\u00e9di\u00e9s, de traiter automatiquement les r\u00e9sultats d&rsquo;\u00e9chantillons, et de stocker des courbes d&rsquo;\u00e9talonnage.<\/p>\n<p class=\"btn-link\" style=\"text-align: left;\"><a href=\"https:\/\/www.biotop-tunisie.com\/wp-content\/uploads\/2023\/01\/Strip-Reader-1.pdf\">Strip Reader Brochure<\/a><\/p>\n<p><strong class=\"marque_class\">Marque :<\/strong> das<\/p>\n","protected":false},"featured_media":2186,"template":"","meta":[],"product_brand":[],"product_cat":[98],"product_tag":[],"class_list":{"0":"post-2155","1":"product","2":"type-product","3":"status-publish","4":"has-post-thumbnail","6":"product_cat-appareils","8":"first","9":"instock","10":"taxable","11":"shipping-taxable","12":"product-type-simple"},"_links":{"self":[{"href":"https:\/\/www.biotop-tunisie.com\/index.php?rest_route=\/wp\/v2\/product\/2155","targetHints":{"allow":["GET"]}}],"collection":[{"href":"https:\/\/www.biotop-tunisie.com\/index.php?rest_route=\/wp\/v2\/product"}],"about":[{"href":"https:\/\/www.biotop-tunisie.com\/index.php?rest_route=\/wp\/v2\/types\/product"}],"wp:featuredmedia":[{"embeddable":true,"href":"https:\/\/www.biotop-tunisie.com\/index.php?rest_route=\/wp\/v2\/media\/2186"}],"wp:attachment":[{"href":"https:\/\/www.biotop-tunisie.com\/index.php?rest_route=%2Fwp%2Fv2%2Fmedia&parent=2155"}],"wp:term":[{"taxonomy":"product_brand","embeddable":true,"href":"https:\/\/www.biotop-tunisie.com\/index.php?rest_route=%2Fwp%2Fv2%2Fproduct_brand&post=2155"},{"taxonomy":"product_cat","embeddable":true,"href":"https:\/\/www.biotop-tunisie.com\/index.php?rest_route=%2Fwp%2Fv2%2Fproduct_cat&post=2155"},{"taxonomy":"product_tag","embeddable":true,"href":"https:\/\/www.biotop-tunisie.com\/index.php?rest_route=%2Fwp%2Fv2%2Fproduct_tag&post=2155"}],"curies":[{"name":"wp","href":"https:\/\/api.w.org\/{rel}","templated":true}]}}