{"id":511,"date":"2020-05-08T10:16:05","date_gmt":"2020-05-08T08:16:05","guid":{"rendered":"https:\/\/hosting.smarty.ovh\/biotopsarl.com\/?post_type=product&#038;p=511"},"modified":"2021-02-01T11:26:35","modified_gmt":"2021-02-01T10:26:35","slug":"tn-i-troponine","status":"publish","type":"product","link":"https:\/\/www.biotop-tunisie.com\/?product=tn-i-troponine","title":{"rendered":"Tn-I (troponine)"},"content":{"rendered":"","protected":false},"excerpt":{"rendered":"<p>La mesure clinique de la Tn-I s\u00e9rique est devenue un outil important dans le diagnostic de l&rsquo;infarctus aigu du myocarde. \u00a0Tn-I est un marqueur\u00a0 plus fiable que la cr\u00e9atine kinase dans le pronostique des personnes souffrant de douleurs thoraciques isch\u00e9miques. Des organisations scientifiques nationales et internationales ont sugg\u00e9r\u00e9 l&rsquo;utilisation de troponines, Tn-I et Tn-T, lors de la mise en \u0153uvre de nouvelles strat\u00e9gies de diagnostic chez les patients atteints du syndrome coronarien aigu.<\/p>\n<p><strong>Lin\u00e9arit\u00e9<\/strong>: WR: 10- 1500 ng\/L<\/p>\n<p><strong>Conditionnement:<\/strong> 24 tests \/Kit<\/p>\n<p><strong class=\"marque_class\">Marque :<\/strong> Boditech<\/p>\n<p><code>[UAS_loggedin hint=\"\" ex=\"\"]<\/code><\/p>\n<p class=\"btn-link \" style=\"text-align: left;\"><a href=\"https:\/\/www.biotop-tunisie.com\/wp-content\/uploads\/2020\/05\/AFIAS_Tn.pdf\" target=\"_blank\" rel=\"noopener noreferrer\">Fiche technique 1<\/a><\/p>\n<p class=\"btn-link \" style=\"text-align: left;\"><a href=\"https:\/\/www.biotop-tunisie.com\/wp-content\/uploads\/2020\/05\/AFIAS_Tn-I-Plus_Rev01_200706E_page-0001-1.pdf\">AFIAS_Tn-I Plus<\/a><\/p>\n<pre><code>[\/UAS_loggedin]<\/code><\/pre>\n","protected":false},"featured_media":1737,"template":"","meta":[],"product_brand":[],"product_cat":[134],"product_tag":[],"class_list":{"0":"post-511","1":"product","2":"type-product","3":"status-publish","4":"has-post-thumbnail","6":"product_cat-cardiaque-reactif-afias1-6","8":"first","9":"instock","10":"taxable","11":"shipping-taxable","12":"product-type-simple"},"_links":{"self":[{"href":"https:\/\/www.biotop-tunisie.com\/index.php?rest_route=\/wp\/v2\/product\/511","targetHints":{"allow":["GET"]}}],"collection":[{"href":"https:\/\/www.biotop-tunisie.com\/index.php?rest_route=\/wp\/v2\/product"}],"about":[{"href":"https:\/\/www.biotop-tunisie.com\/index.php?rest_route=\/wp\/v2\/types\/product"}],"wp:featuredmedia":[{"embeddable":true,"href":"https:\/\/www.biotop-tunisie.com\/index.php?rest_route=\/wp\/v2\/media\/1737"}],"wp:attachment":[{"href":"https:\/\/www.biotop-tunisie.com\/index.php?rest_route=%2Fwp%2Fv2%2Fmedia&parent=511"}],"wp:term":[{"taxonomy":"product_brand","embeddable":true,"href":"https:\/\/www.biotop-tunisie.com\/index.php?rest_route=%2Fwp%2Fv2%2Fproduct_brand&post=511"},{"taxonomy":"product_cat","embeddable":true,"href":"https:\/\/www.biotop-tunisie.com\/index.php?rest_route=%2Fwp%2Fv2%2Fproduct_cat&post=511"},{"taxonomy":"product_tag","embeddable":true,"href":"https:\/\/www.biotop-tunisie.com\/index.php?rest_route=%2Fwp%2Fv2%2Fproduct_tag&post=511"}],"curies":[{"name":"wp","href":"https:\/\/api.w.org\/{rel}","templated":true}]}}