{"id":517,"date":"2020-05-08T10:20:15","date_gmt":"2020-05-08T08:20:15","guid":{"rendered":"https:\/\/hosting.smarty.ovh\/biotopsarl.com\/?post_type=product&#038;p=517"},"modified":"2020-10-27T15:57:47","modified_gmt":"2020-10-27T14:57:47","slug":"microalbumin","status":"publish","type":"product","link":"https:\/\/www.biotop-tunisie.com\/?product=microalbumin","title":{"rendered":"Microalbumin"},"content":{"rendered":"","protected":false},"excerpt":{"rendered":"<p>La microalbumine est le plus souvent caus\u00e9e par des l\u00e9sions r\u00e9nales dues au diab\u00e8te. Cependant, de nombreuses autres conditions peuvent entra\u00eener des l\u00e9sions r\u00e9nales, telles que l&rsquo;hypertension art\u00e9rielle, l&rsquo;insuffisance cardiaque, la cirrhose ou le lupus.<\/p>\n<p><strong>Type d&rsquo;\u00e9chantillon<\/strong>: urine<\/p>\n<p><strong>Lin\u00e9arit\u00e9<\/strong>: 2-300 mg\/L<\/p>\n<p><strong>Conditionnement: <\/strong>25 tests\/Kit<\/p>\n<p><strong class=\"marque_class\">Marque :<\/strong> Boditech<\/p>\n<p><code>[UAS_loggedin hint=\"\" ex=\"\"]<\/code><\/p>\n<p class=\"btn-link \" style=\"text-align: left;\"><a href=\"https:\/\/www.biotop-tunisie.com\/wp-content\/uploads\/2020\/05\/AFIAS_Microalbumin_Rev01_200706E_page-0001.pdf\">QRG AFIAS_Microalbumin<\/a><\/p>\n<pre><code>[\/UAS_loggedin]<\/code><\/pre>\n","protected":false},"featured_media":1734,"template":"","meta":[],"product_brand":[],"product_cat":[148],"product_tag":[],"class_list":{"0":"post-517","1":"product","2":"type-product","3":"status-publish","4":"has-post-thumbnail","6":"product_cat-diabetes-reactif-afias1-6","8":"first","9":"instock","10":"taxable","11":"shipping-taxable","12":"product-type-simple"},"_links":{"self":[{"href":"https:\/\/www.biotop-tunisie.com\/index.php?rest_route=\/wp\/v2\/product\/517","targetHints":{"allow":["GET"]}}],"collection":[{"href":"https:\/\/www.biotop-tunisie.com\/index.php?rest_route=\/wp\/v2\/product"}],"about":[{"href":"https:\/\/www.biotop-tunisie.com\/index.php?rest_route=\/wp\/v2\/types\/product"}],"wp:featuredmedia":[{"embeddable":true,"href":"https:\/\/www.biotop-tunisie.com\/index.php?rest_route=\/wp\/v2\/media\/1734"}],"wp:attachment":[{"href":"https:\/\/www.biotop-tunisie.com\/index.php?rest_route=%2Fwp%2Fv2%2Fmedia&parent=517"}],"wp:term":[{"taxonomy":"product_brand","embeddable":true,"href":"https:\/\/www.biotop-tunisie.com\/index.php?rest_route=%2Fwp%2Fv2%2Fproduct_brand&post=517"},{"taxonomy":"product_cat","embeddable":true,"href":"https:\/\/www.biotop-tunisie.com\/index.php?rest_route=%2Fwp%2Fv2%2Fproduct_cat&post=517"},{"taxonomy":"product_tag","embeddable":true,"href":"https:\/\/www.biotop-tunisie.com\/index.php?rest_route=%2Fwp%2Fv2%2Fproduct_tag&post=517"}],"curies":[{"name":"wp","href":"https:\/\/api.w.org\/{rel}","templated":true}]}}