{"id":518,"date":"2020-05-08T10:20:58","date_gmt":"2020-05-08T08:20:58","guid":{"rendered":"https:\/\/hosting.smarty.ovh\/biotopsarl.com\/?post_type=product&#038;p=518"},"modified":"2020-10-27T16:26:20","modified_gmt":"2020-10-27T15:26:20","slug":"psa-prostate-specificantigen","status":"publish","type":"product","link":"https:\/\/www.biotop-tunisie.com\/?product=psa-prostate-specificantigen","title":{"rendered":"PSA (Prostate specificantigen)"},"content":{"rendered":"","protected":false},"excerpt":{"rendered":"<p>Le PSA est exclusivement synth\u00e9tis\u00e9 par l&rsquo;\u00e9pith\u00e9lium de la prostate et principalement lib\u00e9r\u00e9 dans le sperme. Normalement, de tr\u00e8s petites quantit\u00e9s de PSA sont s\u00e9cr\u00e9t\u00e9es et d\u00e9tect\u00e9es dans le sang masculin. Les taux \u00e9lev\u00e9s de PSA dans le sang masculin sont connus pour \u00eatre associ\u00e9s \u00e0 certains troubles prostatiques tels que la prostatite, l&rsquo;hyperplasie b\u00e9nigne de la prostate (HBP) ou le cancer de la prostate.<\/p>\n<p><strong>Type d&rsquo;\u00e9chantillon<\/strong>: sang total, s\u00e9rum, plasma<\/p>\n<p><strong>Lin\u00e9arit\u00e9<\/strong>: 0,1-100 ng\/mL<\/p>\n<p><strong>Conditionnement: <\/strong>25 tests\/Kit<\/p>\n<p><strong class=\"marque_class\">Marque :<\/strong> Boditech<\/p>\n<p><code>[UAS_loggedin hint=\"\" ex=\"\"]<\/code><\/p>\n<p class=\"btn-link \" style=\"text-align: left;\"><a href=\"https:\/\/www.biotop-tunisie.com\/wp-content\/uploads\/2020\/05\/AFIAS_PSA_Rev01_200706E_page-0001.pdf\">AFIAS_PSA<\/a><\/p>\n<p class=\"btn-link \" style=\"text-align: left;\"><a href=\"https:\/\/www.biotop-tunisie.com\/wp-content\/uploads\/2020\/05\/AFIAS_PSA-plus_Rev01_200706E_page-0001-1.pdf\">AFIAS_PSA plus<\/a><\/p>\n<pre><code>[\/UAS_loggedin]<\/code><\/pre>\n","protected":false},"featured_media":1727,"template":"","meta":[],"product_brand":[],"product_cat":[135],"product_tag":[],"class_list":{"0":"post-518","1":"product","2":"type-product","3":"status-publish","4":"has-post-thumbnail","6":"product_cat-cancer-reactif-afias1-6","8":"first","9":"instock","10":"taxable","11":"shipping-taxable","12":"product-type-simple"},"_links":{"self":[{"href":"https:\/\/www.biotop-tunisie.com\/index.php?rest_route=\/wp\/v2\/product\/518","targetHints":{"allow":["GET"]}}],"collection":[{"href":"https:\/\/www.biotop-tunisie.com\/index.php?rest_route=\/wp\/v2\/product"}],"about":[{"href":"https:\/\/www.biotop-tunisie.com\/index.php?rest_route=\/wp\/v2\/types\/product"}],"wp:featuredmedia":[{"embeddable":true,"href":"https:\/\/www.biotop-tunisie.com\/index.php?rest_route=\/wp\/v2\/media\/1727"}],"wp:attachment":[{"href":"https:\/\/www.biotop-tunisie.com\/index.php?rest_route=%2Fwp%2Fv2%2Fmedia&parent=518"}],"wp:term":[{"taxonomy":"product_brand","embeddable":true,"href":"https:\/\/www.biotop-tunisie.com\/index.php?rest_route=%2Fwp%2Fv2%2Fproduct_brand&post=518"},{"taxonomy":"product_cat","embeddable":true,"href":"https:\/\/www.biotop-tunisie.com\/index.php?rest_route=%2Fwp%2Fv2%2Fproduct_cat&post=518"},{"taxonomy":"product_tag","embeddable":true,"href":"https:\/\/www.biotop-tunisie.com\/index.php?rest_route=%2Fwp%2Fv2%2Fproduct_tag&post=518"}],"curies":[{"name":"wp","href":"https:\/\/api.w.org\/{rel}","templated":true}]}}