{"id":524,"date":"2020-05-08T10:24:33","date_gmt":"2020-05-08T08:24:33","guid":{"rendered":"https:\/\/hosting.smarty.ovh\/biotopsarl.com\/?post_type=product&#038;p=524"},"modified":"2020-10-28T15:32:53","modified_gmt":"2020-10-28T14:32:53","slug":"%ce%b2-hcg","status":"publish","type":"product","link":"https:\/\/www.biotop-tunisie.com\/?product=%CE%B2-hcg","title":{"rendered":"\u03b2 -hCG"},"content":{"rendered":"","protected":false},"excerpt":{"rendered":"<p>La gonadotrophine chorionique humaine (hCG) est une hormone glycoprot\u00e9ique s\u00e9cr\u00e9t\u00e9e par le placenta en d\u00e9veloppement peu de temps apr\u00e8s l&rsquo;implantation. L&rsquo;hCG peut \u00eatre d\u00e9tect\u00e9e dans l&rsquo;urine et le s\u00e9rum des femmes enceintes d\u00e8s 6 \u00e0 15 jours apr\u00e8s la conception. La concentration d&rsquo;hCG augmente \u00e0 50 mUI \/ml une semaine apr\u00e8s l&rsquo;implantation et atteint environ 100 mUI\/ml au moment de la premi\u00e8re p\u00e9riode menstruelle.<\/p>\n<p><strong>Type d&rsquo;\u00e9chantillon<\/strong>: sang total, s\u00e9rum, plasma<\/p>\n<p><strong>Lin\u00e9arit\u00e9<\/strong>:<\/p>\n<ul>\n<li><strong><em>normal:<\/em><\/strong> 5-50,000 mIU\/mL<\/li>\n<li><strong><em>plus:\u00a0 \u00a0 \u00a0 \u00a0<\/em><\/strong>2-1,500 mIU\/mL<\/li>\n<\/ul>\n<p><strong class=\"marque_class\">Marque :<\/strong> Boditech<\/p>\n<p><code>[UAS_loggedin hint=\"\" ex=\"\"]<\/code><\/p>\n<p class=\"btn-link \" style=\"text-align: left;\"><a href=\"https:\/\/www.biotop-tunisie.com\/wp-content\/uploads\/2020\/05\/AFIAS_Total-\u03b2hCG_Rev01_200706E_page-0001.pdf\">AFIAS_Total \u03b2hCG<\/a><\/p>\n<p class=\"btn-link \" style=\"text-align: left;\"><a href=\"https:\/\/www.biotop-tunisie.com\/wp-content\/uploads\/2020\/05\/AFIAS_bhcg-plus_Rev01_200706E_page-0001.pdf\">AFIAS_bhcg plus<\/a><\/p>\n<pre><code>[\/UAS_loggedin]<\/code><\/pre>\n","protected":false},"featured_media":1722,"template":"","meta":[],"product_brand":[],"product_cat":[136],"product_tag":[],"class_list":{"0":"post-524","1":"product","2":"type-product","3":"status-publish","4":"has-post-thumbnail","6":"product_cat-hormones-reactif-afias1-6","8":"first","9":"instock","10":"taxable","11":"shipping-taxable","12":"product-type-simple"},"_links":{"self":[{"href":"https:\/\/www.biotop-tunisie.com\/index.php?rest_route=\/wp\/v2\/product\/524","targetHints":{"allow":["GET"]}}],"collection":[{"href":"https:\/\/www.biotop-tunisie.com\/index.php?rest_route=\/wp\/v2\/product"}],"about":[{"href":"https:\/\/www.biotop-tunisie.com\/index.php?rest_route=\/wp\/v2\/types\/product"}],"wp:featuredmedia":[{"embeddable":true,"href":"https:\/\/www.biotop-tunisie.com\/index.php?rest_route=\/wp\/v2\/media\/1722"}],"wp:attachment":[{"href":"https:\/\/www.biotop-tunisie.com\/index.php?rest_route=%2Fwp%2Fv2%2Fmedia&parent=524"}],"wp:term":[{"taxonomy":"product_brand","embeddable":true,"href":"https:\/\/www.biotop-tunisie.com\/index.php?rest_route=%2Fwp%2Fv2%2Fproduct_brand&post=524"},{"taxonomy":"product_cat","embeddable":true,"href":"https:\/\/www.biotop-tunisie.com\/index.php?rest_route=%2Fwp%2Fv2%2Fproduct_cat&post=524"},{"taxonomy":"product_tag","embeddable":true,"href":"https:\/\/www.biotop-tunisie.com\/index.php?rest_route=%2Fwp%2Fv2%2Fproduct_tag&post=524"}],"curies":[{"name":"wp","href":"https:\/\/api.w.org\/{rel}","templated":true}]}}