{"id":652,"date":"2020-05-29T17:50:31","date_gmt":"2020-05-29T15:50:31","guid":{"rendered":"https:\/\/hosting.smarty.ovh\/biotopsarl.com\/?post_type=product&#038;p=652"},"modified":"2020-12-25T14:55:46","modified_gmt":"2020-12-25T13:55:46","slug":"ttg-iga","status":"publish","type":"product","link":"https:\/\/www.biotop-tunisie.com\/?product=ttg-iga","title":{"rendered":"tTg-IgA"},"content":{"rendered":"","protected":false},"excerpt":{"rendered":"<p>L&rsquo;AESKULISA tTg-A \u00ab New Generation \u00bb est un dosage immuno-enzymatique en phase solide pour la d\u00e9tection quantitative et qualitative des anticorps IgA contre les n\u00e9o-\u00e9pitopes de tissu transglutaminase (tTG) dans le s\u00e9rum humain. Le test utilisant un recombinant humain de la transglutaminase r\u00e9ticul\u00e9e avec des peptides sp\u00e9cifiques de la gliadine pr\u00e9sente des n\u00e9o-\u00e9pitopes de tTg, ce qui garantit une sensibilit\u00e9 et une sp\u00e9cificit\u00e9 consid\u00e9rablement accrues du test. Le test est un outil pour le diagnostic et le suivi de la maladie c\u0153liaque (sensible au gluten ent\u00e9ropathie).<\/p>\n<p><strong>Marque:<\/strong> AESKU DIAGNOSTICS GmbH<\/p>\n<p><code>[UAS_loggedin hint=\"\" ex=\"\"]<\/code><\/p>\n<p class=\"btn-link \" style=\"text-align: left;\"><a href=\"https:\/\/www.biotop-tunisie.com\/wp-content\/uploads\/2020\/05\/TRANSGLUTAMINASE.pdf\" target=\"_blank\" rel=\"noopener noreferrer\">Fiche technique<\/a><\/p>\n<pre><code>[\/UAS_loggedin]<\/code><\/pre>\n","protected":false},"featured_media":1823,"template":"","meta":[],"product_brand":[],"product_cat":[145],"product_tag":[],"class_list":{"0":"post-652","1":"product","2":"type-product","3":"status-publish","4":"has-post-thumbnail","6":"product_cat-auto-immunite-reactif-elisa","8":"first","9":"instock","10":"taxable","11":"shipping-taxable","12":"product-type-simple"},"_links":{"self":[{"href":"https:\/\/www.biotop-tunisie.com\/index.php?rest_route=\/wp\/v2\/product\/652","targetHints":{"allow":["GET"]}}],"collection":[{"href":"https:\/\/www.biotop-tunisie.com\/index.php?rest_route=\/wp\/v2\/product"}],"about":[{"href":"https:\/\/www.biotop-tunisie.com\/index.php?rest_route=\/wp\/v2\/types\/product"}],"wp:featuredmedia":[{"embeddable":true,"href":"https:\/\/www.biotop-tunisie.com\/index.php?rest_route=\/wp\/v2\/media\/1823"}],"wp:attachment":[{"href":"https:\/\/www.biotop-tunisie.com\/index.php?rest_route=%2Fwp%2Fv2%2Fmedia&parent=652"}],"wp:term":[{"taxonomy":"product_brand","embeddable":true,"href":"https:\/\/www.biotop-tunisie.com\/index.php?rest_route=%2Fwp%2Fv2%2Fproduct_brand&post=652"},{"taxonomy":"product_cat","embeddable":true,"href":"https:\/\/www.biotop-tunisie.com\/index.php?rest_route=%2Fwp%2Fv2%2Fproduct_cat&post=652"},{"taxonomy":"product_tag","embeddable":true,"href":"https:\/\/www.biotop-tunisie.com\/index.php?rest_route=%2Fwp%2Fv2%2Fproduct_tag&post=652"}],"curies":[{"name":"wp","href":"https:\/\/api.w.org\/{rel}","templated":true}]}}