{"id":656,"date":"2020-05-29T17:53:54","date_gmt":"2020-05-29T15:53:54","guid":{"rendered":"https:\/\/hosting.smarty.ovh\/biotopsarl.com\/?post_type=product&#038;p=656"},"modified":"2020-12-25T14:53:58","modified_gmt":"2020-12-25T13:53:58","slug":"metanephrine-urine","status":"publish","type":"product","link":"https:\/\/www.biotop-tunisie.com\/?product=metanephrine-urine","title":{"rendered":"Metanephrine urine"},"content":{"rendered":"","protected":false},"excerpt":{"rendered":"<p>Dosage immuno-enzymatique pour la mesure de la m\u00e9tan\u00e9phrine dans l&rsquo;urine. Pendant la pr\u00e9paration des \u00e9chantillons, la m\u00e9tan\u00e9phrine (m\u00e9tadr\u00e9naline) est acyl\u00e9e quantitativement.<\/p>\n<p>La quantification d&rsquo;\u00e9chantillons inconnus est obtenue en comparant leur absorbance avec une courbe de r\u00e9f\u00e9rence pr\u00e9par\u00e9e avec des concentrations standard connues.<\/p>\n<p><strong>Marque: DRG<\/strong><\/p>\n<p><code>[UAS_loggedin hint=\"\" ex=\"\"]<\/code><\/p>\n<p class=\"btn-link \" style=\"text-align: left;\"><a href=\"https:\/\/www.biotop-tunisie.com\/wp-content\/uploads\/2020\/05\/METANEPHRINE-URINE.pdf\" target=\"_blank\" rel=\"noopener noreferrer\">Fiche technique<\/a><\/p>\n<pre><code>[\/UAS_loggedin]<\/code><\/pre>\n","protected":false},"featured_media":1823,"template":"","meta":[],"product_brand":[],"product_cat":[147],"product_tag":[],"class_list":{"0":"post-656","1":"product","2":"type-product","3":"status-publish","4":"has-post-thumbnail","6":"product_cat-autres-reacitfs-elisa","8":"first","9":"instock","10":"taxable","11":"shipping-taxable","12":"product-type-simple"},"_links":{"self":[{"href":"https:\/\/www.biotop-tunisie.com\/index.php?rest_route=\/wp\/v2\/product\/656","targetHints":{"allow":["GET"]}}],"collection":[{"href":"https:\/\/www.biotop-tunisie.com\/index.php?rest_route=\/wp\/v2\/product"}],"about":[{"href":"https:\/\/www.biotop-tunisie.com\/index.php?rest_route=\/wp\/v2\/types\/product"}],"wp:featuredmedia":[{"embeddable":true,"href":"https:\/\/www.biotop-tunisie.com\/index.php?rest_route=\/wp\/v2\/media\/1823"}],"wp:attachment":[{"href":"https:\/\/www.biotop-tunisie.com\/index.php?rest_route=%2Fwp%2Fv2%2Fmedia&parent=656"}],"wp:term":[{"taxonomy":"product_brand","embeddable":true,"href":"https:\/\/www.biotop-tunisie.com\/index.php?rest_route=%2Fwp%2Fv2%2Fproduct_brand&post=656"},{"taxonomy":"product_cat","embeddable":true,"href":"https:\/\/www.biotop-tunisie.com\/index.php?rest_route=%2Fwp%2Fv2%2Fproduct_cat&post=656"},{"taxonomy":"product_tag","embeddable":true,"href":"https:\/\/www.biotop-tunisie.com\/index.php?rest_route=%2Fwp%2Fv2%2Fproduct_tag&post=656"}],"curies":[{"name":"wp","href":"https:\/\/api.w.org\/{rel}","templated":true}]}}