{"id":702,"date":"2020-06-04T11:23:53","date_gmt":"2020-06-04T09:23:53","guid":{"rendered":"https:\/\/hosting.smarty.ovh\/biotopsarl.com\/?post_type=product&#038;p=702"},"modified":"2021-07-23T13:48:32","modified_gmt":"2021-07-23T11:48:32","slug":"nt-probnp-2","status":"publish","type":"product","link":"https:\/\/www.biotop-tunisie.com\/?product=nt-probnp-2","title":{"rendered":"NT-proBNP"},"content":{"rendered":"","protected":false},"excerpt":{"rendered":"<p>La mesure de NT-proBNP dans le sang humain est utile non seulement pour le diagnostic de la maladie cardiaque, mais \u00e9galement pour l&rsquo;\u00e9valuation des patients suspect\u00e9s d&rsquo;insuffisance cardiaque\u200b\u200b et l&rsquo;\u00e9valuation de la gravit\u00e9 de la maladie.<\/p>\n<p><strong>Type d&rsquo;\u00e9chantillon: <\/strong>sang total, s\u00e9rum, plasma<\/p>\n<p><strong>Lin\u00e9arit\u00e9 :<\/strong>10-30,000 pg\/mL<\/p>\n<p><strong>Conditionnement: <\/strong>25 tests\/Kit<\/p>\n<p><strong class=\"marque_class\">Marque :<\/strong> Boditech<\/p>\n<p><code>[UAS_loggedin hint=\"\" ex=\"\"]<\/code><code><\/code><\/p>\n<p><a href=\"https:\/\/www.biotop-tunisie.com\/wp-content\/uploads\/2020\/06\/QRG-NEW-NT-Pro-BNP-ichroma_ALL_20706-24_page-0001.pdf\">[QRG] NEW NT Pro BNP <\/a><\/p>\n<p><code>[\/UAS_loggedin]<\/code><\/p>\n","protected":false},"featured_media":1714,"template":"","meta":[],"product_brand":[],"product_cat":[150],"product_tag":[],"class_list":{"0":"post-702","1":"product","2":"type-product","3":"status-publish","4":"has-post-thumbnail","6":"product_cat-cardiaque-reactif-ichroma-ii","8":"first","9":"instock","10":"taxable","11":"shipping-taxable","12":"product-type-simple"},"_links":{"self":[{"href":"https:\/\/www.biotop-tunisie.com\/index.php?rest_route=\/wp\/v2\/product\/702","targetHints":{"allow":["GET"]}}],"collection":[{"href":"https:\/\/www.biotop-tunisie.com\/index.php?rest_route=\/wp\/v2\/product"}],"about":[{"href":"https:\/\/www.biotop-tunisie.com\/index.php?rest_route=\/wp\/v2\/types\/product"}],"wp:featuredmedia":[{"embeddable":true,"href":"https:\/\/www.biotop-tunisie.com\/index.php?rest_route=\/wp\/v2\/media\/1714"}],"wp:attachment":[{"href":"https:\/\/www.biotop-tunisie.com\/index.php?rest_route=%2Fwp%2Fv2%2Fmedia&parent=702"}],"wp:term":[{"taxonomy":"product_brand","embeddable":true,"href":"https:\/\/www.biotop-tunisie.com\/index.php?rest_route=%2Fwp%2Fv2%2Fproduct_brand&post=702"},{"taxonomy":"product_cat","embeddable":true,"href":"https:\/\/www.biotop-tunisie.com\/index.php?rest_route=%2Fwp%2Fv2%2Fproduct_cat&post=702"},{"taxonomy":"product_tag","embeddable":true,"href":"https:\/\/www.biotop-tunisie.com\/index.php?rest_route=%2Fwp%2Fv2%2Fproduct_tag&post=702"}],"curies":[{"name":"wp","href":"https:\/\/api.w.org\/{rel}","templated":true}]}}