{"id":713,"date":"2020-06-04T11:43:35","date_gmt":"2020-06-04T09:43:35","guid":{"rendered":"https:\/\/hosting.smarty.ovh\/biotopsarl.com\/?post_type=product&#038;p=713"},"modified":"2020-10-28T15:41:53","modified_gmt":"2020-10-28T14:41:53","slug":"lh-2","status":"publish","type":"product","link":"https:\/\/www.biotop-tunisie.com\/?product=lh-2","title":{"rendered":"LH"},"content":{"rendered":"","protected":false},"excerpt":{"rendered":"<p>L&rsquo;hormone lut\u00e9inisante (LH) est produite chez les hommes et les femmes \u00e0 partir de l&rsquo;hypophyse ant\u00e9rieure en r\u00e9ponse \u00e0 l&rsquo;hormone de lib\u00e9ration des gonadotrophines (GnRH), qui est lib\u00e9r\u00e9e par l&rsquo;hypothalamus. Chez la femme, la LH aide \u00e0 r\u00e9guler le cycle menstruel et la production d&rsquo;ovules (ovulation). Chez l&rsquo;homme, la LH stimule la production de testost\u00e9rone, qui joue un r\u00f4le dans la production de spermatozo\u00efdes.<\/p>\n<p><strong>Type d&rsquo;\u00e9chantillon<\/strong>: s\u00e9rum, plasma<\/p>\n<p><strong>Lin\u00e9arit\u00e9<\/strong>: 1-100 mIU\/mL<\/p>\n<p><strong class=\"marque_class\">Marque :<\/strong> Boditech<\/p>\n<p><code>[UAS_loggedin hint=\"\" ex=\"\"]<\/code><\/p>\n<p class=\"btn-link \" style=\"text-align: left;\"><a href=\"https:\/\/www.biotop-tunisie.com\/wp-content\/uploads\/2020\/06\/QRG-LH-ichroma_ALL_20706-29_page-0001-1-1.pdf\">[QRG] LH ichroma II<\/a><\/p>\n<pre><code>[\/UAS_loggedin]<\/code><\/pre>\n","protected":false},"featured_media":1709,"template":"","meta":[],"product_brand":[],"product_cat":[153],"product_tag":[],"class_list":{"0":"post-713","1":"product","2":"type-product","3":"status-publish","4":"has-post-thumbnail","6":"product_cat-hormones-reactif-ichroma-ii","8":"first","9":"instock","10":"taxable","11":"shipping-taxable","12":"product-type-simple"},"_links":{"self":[{"href":"https:\/\/www.biotop-tunisie.com\/index.php?rest_route=\/wp\/v2\/product\/713","targetHints":{"allow":["GET"]}}],"collection":[{"href":"https:\/\/www.biotop-tunisie.com\/index.php?rest_route=\/wp\/v2\/product"}],"about":[{"href":"https:\/\/www.biotop-tunisie.com\/index.php?rest_route=\/wp\/v2\/types\/product"}],"wp:featuredmedia":[{"embeddable":true,"href":"https:\/\/www.biotop-tunisie.com\/index.php?rest_route=\/wp\/v2\/media\/1709"}],"wp:attachment":[{"href":"https:\/\/www.biotop-tunisie.com\/index.php?rest_route=%2Fwp%2Fv2%2Fmedia&parent=713"}],"wp:term":[{"taxonomy":"product_brand","embeddable":true,"href":"https:\/\/www.biotop-tunisie.com\/index.php?rest_route=%2Fwp%2Fv2%2Fproduct_brand&post=713"},{"taxonomy":"product_cat","embeddable":true,"href":"https:\/\/www.biotop-tunisie.com\/index.php?rest_route=%2Fwp%2Fv2%2Fproduct_cat&post=713"},{"taxonomy":"product_tag","embeddable":true,"href":"https:\/\/www.biotop-tunisie.com\/index.php?rest_route=%2Fwp%2Fv2%2Fproduct_tag&post=713"}],"curies":[{"name":"wp","href":"https:\/\/api.w.org\/{rel}","templated":true}]}}