{"id":729,"date":"2020-06-04T12:13:10","date_gmt":"2020-06-04T10:13:10","guid":{"rendered":"https:\/\/hosting.smarty.ovh\/biotopsarl.com\/?post_type=product&#038;p=729"},"modified":"2020-11-10T11:32:20","modified_gmt":"2020-11-10T10:32:20","slug":"anti-ccp-2","status":"publish","type":"product","link":"https:\/\/www.biotop-tunisie.com\/?product=anti-ccp-2","title":{"rendered":"Anti-CCP"},"content":{"rendered":"","protected":false},"excerpt":{"rendered":"<p>La polyarthrite rhumato\u00efde (PR) est une maladie auto-immune syst\u00e9mique courante qui affecte 0,5 \u00e0 1,0% de la population mondiale. La PR est caract\u00e9ris\u00e9e par une inflammation chronique de la synoviale qui peut entra\u00eener une destruction articulaire progressive, une invalidit\u00e9 et une mortalit\u00e9.<\/p>\n<p>Un test anti-CCP est capable de d\u00e9tecter les auto-anticorps contre les prot\u00e9ines citrullin\u00e9es qui ont une sensibilit\u00e9 relativement \u00e9lev\u00e9e pour la polyarthrite rhumato\u00efde et une sp\u00e9cificit\u00e9 extr\u00eamement \u00e9lev\u00e9e (environ 90%).<\/p>\n<p>Sa grande sp\u00e9cificit\u00e9 explique pourquoi le test anti-CCP est devenu une partie importante du processus de diagnostic de la PR.<\/p>\n<p><strong>Type d&rsquo;\u00e9chantillon<\/strong>: sang total, s\u00e9rum, plasma<\/p>\n<p><strong>Lin\u00e9arit\u00e9<\/strong>:<\/p>\n<ul>\n<li>\u00a0 <strong><em>Normal:<\/em><\/strong> 5-200 U\/mL<\/li>\n<li>\u00a0<em><em><strong> Plus:\u00a0 \u00a0 \u00a0<\/strong><\/em><\/em>3,5-300 U\/mL<\/li>\n<\/ul>\n<p><strong>Conditionnement: <\/strong>25 tests\/Kit<\/p>\n<p><strong class=\"marque_class\">Marque :<\/strong> Boditech<\/p>\n<p><code>[UAS_loggedin hint=\"\" ex=\"\"]<\/code><\/p>\n<p class=\"btn-link \" style=\"text-align: left;\"><a href=\"https:\/\/www.biotop-tunisie.com\/wp-content\/uploads\/2020\/06\/Anti-CCP.pdf\" target=\"_blank\" rel=\"noopener noreferrer\">QRG Anti CCP ichroma 2<\/a><\/p>\n<p class=\"btn-link \" style=\"text-align: left;\"><a href=\"https:\/\/www.biotop-tunisie.com\/wp-content\/uploads\/2020\/06\/QRG-Anti-CCP-Plus-ichroma_ALL_20706-9_page-0001-1.pdf\">[QRG] Anti CCP Plus ichroma II<\/a><\/p>\n<pre><code>[\/UAS_loggedin]<\/code><\/pre>\n","protected":false},"featured_media":1683,"template":"","meta":[],"product_brand":[],"product_cat":[155],"product_tag":[],"class_list":{"0":"post-729","1":"product","2":"type-product","3":"status-publish","4":"has-post-thumbnail","6":"product_cat-rhumatoidesarthrites-reactif-ichroma-ii","8":"first","9":"instock","10":"taxable","11":"shipping-taxable","12":"product-type-simple"},"_links":{"self":[{"href":"https:\/\/www.biotop-tunisie.com\/index.php?rest_route=\/wp\/v2\/product\/729","targetHints":{"allow":["GET"]}}],"collection":[{"href":"https:\/\/www.biotop-tunisie.com\/index.php?rest_route=\/wp\/v2\/product"}],"about":[{"href":"https:\/\/www.biotop-tunisie.com\/index.php?rest_route=\/wp\/v2\/types\/product"}],"wp:featuredmedia":[{"embeddable":true,"href":"https:\/\/www.biotop-tunisie.com\/index.php?rest_route=\/wp\/v2\/media\/1683"}],"wp:attachment":[{"href":"https:\/\/www.biotop-tunisie.com\/index.php?rest_route=%2Fwp%2Fv2%2Fmedia&parent=729"}],"wp:term":[{"taxonomy":"product_brand","embeddable":true,"href":"https:\/\/www.biotop-tunisie.com\/index.php?rest_route=%2Fwp%2Fv2%2Fproduct_brand&post=729"},{"taxonomy":"product_cat","embeddable":true,"href":"https:\/\/www.biotop-tunisie.com\/index.php?rest_route=%2Fwp%2Fv2%2Fproduct_cat&post=729"},{"taxonomy":"product_tag","embeddable":true,"href":"https:\/\/www.biotop-tunisie.com\/index.php?rest_route=%2Fwp%2Fv2%2Fproduct_tag&post=729"}],"curies":[{"name":"wp","href":"https:\/\/api.w.org\/{rel}","templated":true}]}}